2, 7, 61
List the prime factors of 2856.
2, 3, 7, 17
List the prime factors of 26700.
2, 3, 5, 89
What are the prime factors of 48858?
2, 3, 17, 479
What are the prime factors of 38888?
2, 4861
List the prime factors of 26832.
2, 3, 13, 43
List the prime factors of 1062.
2, 3, 59
List the prime factors of 142.
2, 71
List the prime factors of 664.
2, 83
List the prime factors of 13432.
2, 23, 73
What are the prime factors of 468?
2, 3, 13
What are the prime factors of 2892?
2, 3, 241
What are the prime factors of 17183?
17183
What are the prime factors of 4776?
2, 3, 199
List the prime factors of 815.
5, 163
What are the prime factors of 36528?
2, 3, 761
List the prime factors of 11471.
11471
What are the prime factors of 180?
2, 3, 5
List the prime factors of 22920.
2, 3, 5, 191
What are the prime factors of 730?
2, 5, 73
What are the prime factors of 36165?
3, 5, 2411
List the prime factors of 5355.
3, 5, 7, 17
List the prime factors of 1129.
1129
List the prime factors of 19544.
2, 7, 349
What are the prime factors of 4862?
2, 11, 13, 17
What are the prime factors of 5804?
2, 1451
List the prime factors of 2837.
2837
What are the prime factors of 1328?
2, 83
What are the prime factors of 55906?
2, 27953
List the prime factors of 78353.
11, 17, 419
List the prime factors of 30694.
2, 103, 149
What are the prime factors of 77697?
3, 89, 97
What are the prime factors of 100249?
17, 5897
List the prime factors of 4.
2
List the prime factors of 2200.
2, 5, 11
What are the prime factors of 2659?
2659
What are the prime factors of 8942?
2, 17, 263
List the prime factors of 6149.
11, 13, 43
List the prime factors of 17760.
2, 3, 5, 37
What are the prime factors of 38553?
3, 71, 181
What are the prime factors of 495?
3, 5, 11
What are the prime factors of 5695?
5, 17, 67
List the prime factors of 12299.
7, 251
List the prime factors of 7161.
3, 7, 11, 31
What are the prime factors of 1068?
2, 3, 89
List the prime factors of 1548.
2, 3, 43
List the prime factors of 29911.
7, 4273
List the prime factors of 116601.
3, 38867
What are the prime factors of 1395?
3, 5, 31
What are the prime factors of 1691?
19, 89
What are the prime factors of 18933?
3, 6311
List the prime factors of 5008.
2, 313
What are the prime factors of 55219?
55219
What are the prime factors of 16802?
2, 31, 271
What are the prime factors of 19307?
43, 449
List the prime factors of 16684.
2, 43, 97
What are the prime factors of 19267?
19267
List the prime factors of 340.
2, 5, 17
What are the prime factors of 1001?
7, 11, 13
What are the prime factors of 1696?
2, 53
What are the prime factors of 2979?
3, 331
What are the prime factors of 9825?
3, 5, 131
What are the prime factors of 1656?
2, 3, 23
What are the prime factors of 4002?
2, 3, 23, 29
What are the prime factors of 1093?
1093
List the prime factors of 3564.
2, 3, 11
What are the prime factors of 15618?
2, 3, 19, 137
List the prime factors of 19384.
2, 2423
What are the prime factors of 1461?
3, 487
List the prime factors of 334.
2, 167
What are the prime factors of 9396?
2, 3, 29
List the prime factors of 325.
5, 13
List the prime factors of 7126.
2, 7, 509
What are the prime factors of 4653?
3, 11, 47
What are the prime factors of 30229?
19, 37, 43
What are the prime factors of 1848?
2, 3, 7, 11
List the prime factors of 4860.
2, 3, 5
List the prime factors of 24031.
7, 3433
What are the prime factors of 1110?
2, 3, 5, 37
List the prime factors of 1070.
2, 5, 107
What are the prime factors of 57942?
2, 3, 29, 37
What are the prime factors of 3673?
3673
What are the prime factors of 577?
577
List the prime factors of 13155.
3, 5, 877
What are the prime factors of 689?
13, 53
What are the prime factors of 61448?
2, 7681
List the prime factors of 26549.
139, 191
List the prime factors of 165282.
2, 3, 13, 163
What are the prime factors of 1032?
2, 3, 43
List the prime factors of 6528.
2, 3, 17
List the prime factors of 1981.
7, 283
What are the prime factors of 28893?
3, 9631
List the prime factors of 2915.
5, 11, 53
What are the prime factors of 7031?
79, 89
List the prime factors of 3222.
2, 3, 179
What are the prime factors of 23950?
2, 5, 479
What are the prime factors of 4086?
2, 3, 227
List the prime factors of 757.
757
List the prime factors of 12681.
3, 1409
What are the prime factors of 3792?
2, 3, 79
What are the prime factors of 908?
2, 227
What are the prime factors of 850?
2, 5, 17
What are the prime factors of 407?
11, 37
What are the prime factors of 8561?
7, 1223
List the prime factors of 25915.
5, 71, 73
What are the prime factors of 1870?
2, 5, 11, 17
What are the prime factors of 38726?
2, 17, 67
List the prime factors of 33943.
7, 13, 373
List the prime factors of 91.
7, 13
What are the prime factors of 4233?
3, 17, 83
What are the prime factors of 6924?
2, 3, 577
List the prime factors of 2244.
2, 3, 11, 17
List the prime factors of 383.
383
List the prime factors of 3530.
2, 5, 353
List the prime factors of 457.
457
What are the prime factors of 7708?
2, 41, 47
List the prime factors of 1241.
17, 73
List the prime factors of 362.
2, 181
List the prime factors of 18078.
2, 3, 23, 131
What are the prime factors of 3523?
13, 271
What are the prime factors of 2733?
3, 911
What are the prime factors of 8304?
2, 3, 173
What are the prime factors of 9421?
9421
List the prime factors of 2207.
2207
List the prime factors of 45835.
5, 89, 103
What are the prime factors of 592?
2, 37
List the prime factors of 298.
2, 149
List the prime factors of 2981.
11, 271
List the prime factors of 902.
2, 11, 41
What are the prime factors of 7266?
2, 3, 7, 173
What are the prime factors of 15370?
2, 5, 29, 53
What are the prime factors of 33121?
11, 3011
List the prime factors of 33.
3, 11
List the prime factors of 5.
5
What are the prime factors of 55?
5, 11
What are the prime factors of 4211?
4211
What are the prime factors of 40155?
3, 5, 2677
List the prime factors of 1240.
2, 5, 31
What are the prime factors of 8553?
3, 2851
List the prime factors of 13068.
2, 3, 11
List the prime factors of 68167.
11, 6197
What are the prime factors of 20483?
20483
List the prime factors of 7375.
5, 59
List the prime factors of 6057.
3, 673
What are the prime factors of 9782?
2, 67, 73
List the prime factors of 310.
2, 5, 31
List the prime factors of 3864.
2, 3, 7, 23
What are the prime factors of 1573?
11, 13
What are the prime factors of 2223?
3, 13, 19
List the prime factors of 26851.
11, 2441
List the prime factors of 37730.
2, 5, 7, 11
What are the prime factors of 1947?
3, 11, 59
What are the prime factors of 39986?
2, 19993
List the prime factors of 51242.
2, 25621
List the prime factors of 3541.
3541
What are the prime factors of 2783?
11, 23
List the prime factors of 8552.
2, 1069
What are the prime factors of 934?
2, 467
List the prime factors of 572.
2, 11, 13
List the prime factors of 2404.
2, 601
What are the prime factors of 5210?
2, 5, 521
What are the prime factors of 5632?
2, 11
What are the prime factors of 3458?
2, 7, 13, 19
List the prime factors of 18438.
2, 3, 7, 439
What are the prime factors of 9016?
2, 7, 23
List the prime factors of 13344.
2, 3, 139
List the prime factors of 5222.
2, 7, 373
List the prime factors of 177464.
2, 7, 3169
List the prime factors of 19835.
5, 3967
List the prime factors of 92517.
3, 30839
What are the prime factors of 13684?
2, 11, 311
List the prime factors of 3639.
3, 1213
List the prime factors of 18604.
2, 4651
What are the prime factors of 1696?
2, 53
List the prime factors of 13530.
2, 3, 5, 11, 41
What are the prime factors of 1717?
17, 101
List the prime factors of 3216.
2, 3, 67
What are the prime factors of 271?
271
What are the prime factors of 1403?
23, 61
What are the prime factors of 12835?
5, 17, 151
List the prime factors of 858.
2, 3, 11, 13
List the prime factors of 417.
3, 139
What are the prime factors of 1742?
2, 13, 67
What are the prime factors of 7304?
2, 11, 83
List the prime factors of 6090.
2, 3, 5, 7, 29
What are the prime factors of 739?
739
What are the prime factors of 8846?
2, 4423
What are the prime factors of 62399?
23, 2713
What are the prime factors of 3821?
3821
What are the prime factors of 3402?
2, 3, 7
What are the prime factors of 831?
3, 